4. Calculate z(j).
-6
Let p(b) = -49*b - 45*b + 147*b - 51*b - 2 - b**3. Suppose -l = 2*l - 3. Let m be p(l). Let z(k) = -6*k - 1. Determine z(m).
5
Suppose 7*k - 25*k + 8 = -100. Let t(y) be the second derivative of 1/6*y**3 + 1/2*y**2 + 0 - k*y + 1/4*y**4. Calculate t(-1).
3
Suppose 0 = -29*f - 7263 + 27128. Suppose f*a = 691*a - 60. Let c(z) = z**2 - 10*z + 5. Calculate c(a).
5
Let w(z) be the first derivative of z**3/3 - 9*z**2 - 16*z - 4440. What is w(19)?
3
Let k(v) = -v**3 - 2*v**2 + 2*v + 181. Let g be k(0). Let p = g - 178. Let z(m) = 2*m**2 - 7*m + 10. Give z(p).
7
Suppose 2*h = -37 - 131. Let p be (-2)/(-7) + h/(-49). Let v(s) = 3*s**2 - s + 7*s**2 - 4*s**p + s**2. Give v(1).
6
Let w(t) = 2*t - 26. Let m = -277 - -313. Let j(z) = z**3 - 39*z**2 + 110*z - 59. Let f be j(m). Give w(f).
0
Suppose -4*o - 82 = -30. Let i(a) = a**2 + 20*a + 13. Let s be i(o). Let g = -87 - s. Let q(p) = p + 8. What is q(g)?
-1
Let y(o) = -3*o + 15*o + 147747 - 147843. Calculate y(8).
0
Let x(y) be the first derivative of -y**7/840 - y**6/90 + y**5/120 + y**4/6 + y**3/3 - y + 85. Let r(o) be the third derivative of x(o). Give r(-5).
24
Suppose 5*r - 2232 = -97. Let t(u) = 6 - r*u**2 - 1 - 6*u + 428*u**2. Give t(5).
0
Let u(m) be the first derivative of -49*m**2/2 - 148*m - 7098. Give u(-3).
-1
Let y(l) = -8*l**3 + 8*l**2 - 17*l + 34. Let w be y(5). Let n = 844 + w. Let f(j) = j**2 + 6*j - 9. Calculate f(n).
-2
Let g = -3179 - -3181. Let k(b) = -b**3 + 3*b**2 - b - 6. Determine k(g).
-4
Suppose -19*l - 8 + 8 = 0. Let p(k) be the first derivative of 0*k**2 - 1/3*k**3 + 1/4*k**4 + 9*k + 2. Calculate p(l).
9
Suppose 2*p = 2*g - 2*p - 16, 5*g = -3*p + 1. Suppose -122*z = -128*z. Let f(i) = 13*i**2 + i**3 - 5*i**2 - 11*i**2 + 2 + z. What is f(g)?
-2
Let x(m) = -m**3 + 10*m**2 - 10*m + 15. Let k = 2397 - 2388. Give x(k).
6
Let n(q) = 0*q**3 + 0*q**3 + q**3 - 1 + 4*q**2. Suppose 0 = 44*k - 34*k. Suppose c + 11 = -3*m, k = -5*m + 4*c - 0*c - 7. Give n(m).
8
Let i = -3454 - -3447. Let u(q) be the third derivative of 0 + 1/2*q**3 + 1/120*q**6 + 7*q**2 + 0*q + 2/15*q**5 + 7/24*q**4. Calculate u(i).
3
Suppose -469*t = -465*t + 20. Let p(d) = -d**2 - 5*d - 19. Give p(t).
-19
Let q(t) = 2210*t - 6587*t + 2189*t - 30 + 2210*t. Give q(1).
-8
Let r(m) = 21443*m - 21443*m - 5*m**2. Let w(a) = -9*a - 2*a + 3 + 6 - 2 - 2*a**2. Let j be w(-6). Give r(j).
-5
Suppose 0 = 2*l + 10 + 22. Let k be (-3)/((-2)/(l/(-12))). Suppose -2*n - x = 12, -n + 3*x - 6 = k*x. Let q(r) = -r**2 - 5*r + 8. What is q(n)?
2
Let k = 10708 + -5039. Let g(x) = 9*x**2 + x**3 - 5672 + k - 2*x**2 + 4*x. What is g(-4)?
29
Let s be (18/(-180))/(3/(-30)). Let l(x) = 4 - 13*x**2 - 4 - 1. Calculate l(s).
-14
Suppose 5*u = -0*u + 5*s + 115, -3*s + 3 = u. Let i(y) = y**2 - 25*y + 96. What is i(u)?
-30
Let f be 8 + 24/(-10)*40/16. Let v(r) = 94*r + r**3 - 95*r - f + 1 - 14*r**2 + 4 + 8. Determine v(14).
-3
Let k be (7/(-4))/(3/12). Let g(u) = 9*u**2 - 131*u - 7. Let l(p) = -14*p**2 + 207*p + 11. Let v(y) = -11*g(y) - 7*l(y). Give v(k).
7
Suppose -4*g + k - 26 = 0, g + k + 0*k + 4 = 0. Let f(h) be the first derivative of 22*h**2 - 23*h**2 + 7*h + 7 - 1. Give f(g).
19
Let v(b) be the first derivative of -b**3/6 + 9*b**2/2 + 175*b - 80. Let i(h) be the first derivative of v(h). Give i(7).
2
Let n(l) = -139*l + 23 - 149*l + 297*l + 56. Give n(-10).
-11
Let v(z) = 3 - 18*z + 26*z + 25*z + 10. Let a(l) = -8*l - 3. Let y(h) = -9*a(h) - 2*v(h). Determine y(-2).
-11
Let c be 4/18 - (-305)/45. Let x(s) = -3*s - s**2 - 1 - 2 + c. Suppose 2 = r - 3*b, 2*r + 12 = -b - b. Calculate x(r).
0
Let g(q) = 981218349*q - 981218349*q + 127 - q**2. Give g(12).
-17
Let r(x) = -x**2 + x + 1. Let p(w) = -5 - 2*w**2 + 6*w**2 - 6 - 7*w + 6. Let c(g) = -p(g) - 3*r(g). Let n(l) be the first derivative of c(l). Determine n(4).
-4
Let u(w) = -21*w**2 + 8*w. Let q(a) = 435*a - 4348. Let v be q(10). What is u(v)?
-68
Let l = 196 - 183. Let v(h) = -3*h - l*h**2 + 9*h + 14*h**2 - 5. Calculate v(-7).
2
Let c(g) = g**3 - 3*g**2 - 4*g. Let m be c(-2). Let x(k) = -k**2 + 12*k + 1688 + 2*k**2 - 836 - 845. Give x(m).
7
Let v(k) = 2*k**2 - 15*k + 10. Let u(y) = -10*y**2 + 74*y - 49. Let m(z) = -2*u(z) - 11*v(z). Let x be (-48)/40 + (-6118)/(-665). Determine m(x).
-4
Suppose 0 = 24*f - 26*f + 22. Suppose -f + 83 = -3*g. Let d be (-4)/g*(20 + -2). Let p(s) = 2*s**2 - 3*s + 2. What is p(d)?
11
Let a(z) = 5*z - 4*z**2 + 4 + 3 + 2*z**3 - 6*z + 0*z**3. Let i be a(2). Let t(j) = -1 - j - 4*j**2 + 6*j**2 - i*j - 3*j**2. Calculate t(-4).
7
Let y be 4/20 - 34/170. Let a(z) be the third derivative of -3*z**2 + 1/2*z**3 + 1/60*z**5 + 1/3*z**4 + 0 + y*z. Determine a(-6).
-9
Let q(z) = z + 1. Let l(j) = 5*j + 5. Let c(m) = 3*m. Let p be c(0). Let h be l(p). Let f(y) = y**3 - 4*y**2 - 2*y - 8. Let o(r) = h*q(r) + f(r). What is o(3)?
-3
Let y(p) = -p**3 + 8*p**2 - 12*p + 3. Let d(o) = -o**2 + 52*o + 230. Let x be d(-4). What is y(x)?
3
Suppose 149*r - 141*r = 16. Let s(l) = 8 + l**3 - 80*l**r + 85*l**2 - 16 - 7*l. Let f(z) = -3*z**2 + 4*z - 2. Let v be f(2). Calculate s(v).
-2
Let a = -1404 - -525. Let f = a + 880. Let l(y) = -16*y. Calculate l(f).
-16
Let n(k) = -7*k - 11. Let w(s) = 2*s + 10. Let c(o) = -2*n(o) - 3*w(o). Calculate c(-10).
-88
Let g(u) = -5*u. Suppose 2*z + 3*x = 18 + 2, -4*z - 5*x = -38. Suppose z = k + t - 0, 3*k - 4*t = -14. Determine g(k).
-10
Let y be (1 + 2)*((-4)/9)/((-22)/(-132)). Let p(n) = 10*n + 84. What is p(y)?
4
Let p(t) = 5 + t**3 + 6 + 0 - 11*t - 2*t**3 + 10*t**2. Let b be (-1)/(-17)*151 - (-142)/1207. Give p(b).
-7
Let c(d) = 4*d + 2. Let p(o) = -18*o - 22. Let g(h) = 14*c(h) + 3*p(h). Determine g(11).
-16
Let g(n) be the third derivative of -1/8*n**4 - 143*n**2 + 0*n + 0 - 1/3*n**3 + 1/60*n**5. What is g(3)?
-2
Let u(q) = 6*q**2 + 4*q + 140 - 283 + q**3 + 139. Give u(-5).
1
Let p(n) = -n**3 + 6*n**2 - 4*n - 4. Suppose -r = 2, 5*t - 5*r - 9 = 6*t. Let b be (t*4 - 60/40)*2. Determine p(b).
1
Let h(t) = -8*t + 9. Suppose 4*u - 16 = 0, 5*p - 76*u + 81*u = 60. What is h(p)?
-55
Let o(v) = 4*v - 17. Let w(l) be the second derivative of -l**5/20 + 17*l**4/12 + l**3/6 - 9*l**2/2 + 228*l. Let i be w(17). Calculate o(i).
15
Let d be (-38)/(-4)*6/3. Let u = d - 14. Let g(w) = w**3 + 51*w**2 + 7 + 46*w**2 - 2*w**3 + 5*w - 93*w**2. Calculate g(u).
7
Let y(v) be the third derivative of v**6/180 + v**5/24 + v**4/3 + 109*v**3/6 + 130*v**2. Let f(c) be the first derivative of y(c). Give f(-4).
20
Let h(f) be the first derivative of -f**3/3 + f**2/2 + 4*f - 3. Let r(p) = p**2 + 16*p - 129. Let x be r(-22). Give h(x).
-2
Let s(t) = -t**3 + 3*t**2 + 10*t - 7. Let p(n) = 5*n**2 - 74*n + 134. Let f be p(2). What is s(f)?
-55
Suppose -3*b + 16 = -5*q, -10*b + 9*b + 8 = q. Let r(a) = -18*a + a**2 - 16*a**3 + 12*a + b*a + a**2. Give r(-1).
17
Let u(r) be the third derivative of r**6/120 + 11*r**5/60 + 17*r**4/24 - r**3 + 59*r**2 - 37*r. What is u(-7)?
71
Let i be (1/(-6))/(12/(-432)). Let y(l) = -l**3 + 6*l**2 + 8*l - 10. Determine y(i).
38
Let w(y) = 5*y**2 + 2*y. Let a(r) be the first derivative of -3*r**3 - 3*r**2 - r + 70. Let k(j) = -3*a(j) - 5*w(j). Give k(-5).
13
Suppose 0 = 5*b + 3*c - 49, 2 = -2*b + 2*c - 4. Let y(v) = 3*v - 3. Give y(b).
12
Let w(b) = -6092 - b**3 + 4*b**2 - 6089 + 12183 - b. Let h = 18 + -17. Suppose 19 = m + 5*t, -m - 1 = -2*t + h. Calculate w(m).
-2
Let a(z) be the first derivative of -z**3/3 + 21*z**2/2 - 38*z + 7645. What is a(19)?
0
Let k(g) = 12*g + 21. Let t(f) = 22*f - 4. Let a(n) = -8*n + 1. Let v(c) = 17*a(c) + 6*t(c). Let z(p) = -2*k(p) - 7*v(p). Calculate z(-6).
-17
Let b(f) = -67*f**2 + 15*f - 125*f**2 - 51 + 248*f**2 - 57*f**2. Give b(5).
-1
Let s(x) = -x**3 + 4*x**2 - 5*x - 3. Let t be s(3). Let b(w) = 11*w**2 + 16*w - 26. Let z(g) = 7*g**2 + 11*g - 17. Let v(m) = 5*b(m) - 8*z(m). Determine v(t).
-3
Let r(z) = -z**3 - 8*z**2 + 14*z + 36. Let a be (5 + (-6 - -1))/(-1) - 9. Give r(a).
-9
Let o(k) = -503844 + k**3 + 0*k**3 - 9*k**2 - 9*k + 503841. Calculate o(10).
7
Suppose 7 = m - 17. Let l = m - 24. Let i(q) = -30 + l*q + 17 - q**2 + 0*q. What is i(0)?
-13
Let c(n) be the first derivative of n**3/3 - n**2/2 - 45*n + 2053. Calculate c(0).
-45
Let d(n) = -7*n**2 + 64*n - 4. Let j(f) = 19*f**2 - 178*f + 14. Let i(p) = 